What is the remainder when h is divided by 8?
3
Let z = 11 + 6. Let b(x) = x + 6 + x - x**2 + 6*x. Calculate the remainder when z is divided by b(8).
5
Let d = -43 + 81. Suppose 5*r = d - 3. Calculate the remainder when 18 is divided by r.
4
Let d(i) = -4*i - 3. Suppose 0*z + 18 = 3*z. Calculate the remainder when (2 - 8/z)*57 is divided by d(-4).
12
Suppose 0 = -o + 4*u, 0*u = -2*o - u. Suppose -2*d - 3*y + 21 = o, 4*d + 3 = 5*d + 4*y. Let g(b) = -5*b - 2. What is the remainder when d is divided by g(-2)?
7
Suppose 3*i - 3 - 6 = 0. Let b be (14/(-6))/(3/(-18)). Suppose -i*o = -o - b. What is the remainder when 19 is divided by o?
5
Let b = 156 + -133. What is the remainder when 113 is divided by b?
21
Let u = 1 - 2. Let y(m) = -15*m + 1. What is the remainder when y(u) is divided by 9?
7
Let y = -57 + 60. Calculate the remainder when 6 is divided by y.
0
Suppose 0 = q - j - 10, q + 4*j = 2*j + 13. Let l(k) = -k**3 + 10*k**2 - 13*k + 8. What is the remainder when l(8) is divided by q?
10
Let k = -29 - -42. Suppose 0 = 8*o + 120 - 512. What is the remainder when o is divided by k?
10
Let z = 101 + -42. What is the remainder when z is divided by 37?
22
Let m = -5 - -2. Suppose 2*u + 12 = 2*a - 0*u, 3*a - 4*u = 17. What is the remainder when (-605)/(-33) + (-2)/m is divided by a?
5
Suppose 0*x + 2*k + 28 = -5*x, 0 = -2*x + 2*k. Calculate the remainder when (-128)/(-22) + x/(-22) is divided by 4.
2
Let k be (-4)/10 - (-39)/(-15). Let u = k - -14. Let i(t) = 20*t**3 + 1. Calculate the remainder when i(1) is divided by u.
10
Let q = 6 - 3. Let h = 6 + -2. What is the remainder when h is divided by q?
1
Suppose -2*m = -j + m + 40, 5*j - 4*m = 167. Suppose -2*c + 9 + 13 = 0. What is the remainder when j is divided by c?
9
Suppose -5*w = 2*z - z + 9, -6 = 3*w. Let r(l) = -2*l + 19. What is the remainder when r(9) is divided by z?
0
Let y(f) = -3*f + 35. Let b(c) = 2*c**2 - 3*c - 3. What is the remainder when b(3) is divided by y(11)?
0
Let n = 14 - 10. Let s = 22 - 16. Calculate the remainder when s is divided by n.
2
Let h = 13 + -10. Calculate the remainder when h - (34 - 2)*-1 is divided by 18.
17
Calculate the remainder when 39 is divided by (-1 + 7 - 3) + 18.
18
Let a(b) = -2*b - 9. What is the remainder when 6 is divided by a(-6)?
0
Let a(u) = u + 3. Suppose -3*v = 5*m - 0*m + 29, -27 = 3*v + 3*m. Let l be a(v). Let o(c) = c**2 + 2*c - 2. What is the remainder when 24 is divided by o(l)?
11
Suppose -6*o = 91 - 241. Calculate the remainder when o is divided by 7.
4
Suppose 3*c - 5 - 1 = 0. Suppose -4*d = 5*r - 99 - 1, -c*d + 3*r = -50. Calculate the remainder when d is divided by 9.
7
Let d(b) = b**2 + b + 2. Let u = 4 - 10. Let z(n) = -n**2 - 7*n - 2. Let j be z(u). What is the remainder when d(j) is divided by 8?
6
Suppose 51 = -5*u + 226. Calculate the remainder when u is divided by 13.
9
Suppose -4*l + 21 = -143. Calculate the remainder when 76 is divided by l.
35
Let z(h) be the third derivative of h**6/120 - 7*h**5/60 - h**4/3 + 4*h**3/3 - h**2. Suppose -4*s = -6*s + 6. Calculate the remainder when z(8) is divided by s.
2
Let m be (20/(-25))/((-2)/5). Suppose 3*y = m*y + 18. Suppose -3 = 5*v - y. Calculate the remainder when 9 is divided by v.
0
Calculate the remainder when -3*(260/(-6))/2 is divided by 17.
14
Let m(p) = -4*p. Let r(v) = v**2 + v + 1. Calculate the remainder when r(-5) is divided by m(-2).
5
Let i(h) be the first derivative of h**3/3 - 7*h**2/2 - 13*h + 2. What is the remainder when 67 is divided by i(10)?
16
Suppose 2*n = -7 + 69. Suppose -c = 3*c - 12. What is the remainder when n is divided by 15/c + -2 + 14?
14
Let u = -38 - -67. Calculate the remainder when 114 is divided by u.
27
Calculate the remainder when 97 is divided by (104/6 - 11/33)*3.
46
Suppose 71 = 2*a - r + 6*r, -3*a + 54 = -3*r. Calculate the remainder when a is divided by 12.
11
Let q = 21 - -16. Suppose 2*r - 24 = -2*m - 0*r, -4*m - 2*r = -50. What is the remainder when q is divided by m?
11
Let i(l) = -l**2 - 10*l + 1. Let r be i(-12). Let g = r + 42. Calculate the remainder when 56 is divided by g.
18
Let o(a) = 4*a**2 + 2*a - 1. Let z be (-4)/(((-8)/22)/2). Suppose 3*m - 2 = z. What is the remainder when m is divided by o(1)?
3
Let i = -49 - -89. Suppose -q + 3*j = -40, -q + 3*j = -2*q + i. Let t = -14 + 28. Calculate the remainder when q is divided by t.
12
Suppose 73 - 10 = 3*a - 3*x, -3*a - 2*x + 48 = 0. Suppose 5*s - 74 + 14 = 0. Calculate the remainder when 1 + a - (-1 + -2) is divided by s.
10
Suppose -20 = -2*p - 6. Let d(a) = -a**2 + 10*a + 7. Let r be d(10). Calculate the remainder when (r + -13)/((-6)/20) is divided by p.
6
Suppose -68 = -5*a - 3. Calculate the remainder when 25 is divided by a.
12
Let s = 325 + -515. Suppose k + 39 = 4*k. What is the remainder when (12/15)/((-4)/s) is divided by k?
12
Let z = 4 + -1. Let c(r) = 3*r**2 + 3*r - 4. What is the remainder when c(z) is divided by 11?
10
Let w(d) = 20*d**2 - 4*d - 3. Calculate the remainder when w(-1) is divided by 6.
3
Let g(s) = -s**2 + s + 3. Suppose 0 = -k - b - 3, -3 = 3*b + 6. Let f be g(k). Let h(m) = m**2 + 2*m - 4. What is the remainder when 32 is divided by h(f)?
10
Calculate the remainder when 26 is divided by (-3)/(99/(-6)) - 324/(-33).
6
Calculate the remainder when 11 is divided by (5 - 7)/(6/(-9)).
2
Suppose 3*m - 3*n = 48, n = 5*m + 3*n - 80. Let j(q) = -q**3 + 2*q**2 - q + 1. Let f be j(2). What is the remainder when m is divided by -1 + 2 - (f + -4)?
4
Let h(d) = -d**2 - 7*d - 1 + 0 + 0*d**2 - 5. Calculate the remainder when h(-4) is divided by 4.
2
Let s(d) = -3*d + 4 + 2*d + 2*d + d**2. Let w be s(0). What is the remainder when 214/w + 4/8 is divided by 19?
16
Let y(g) = 8*g - 4. Let p be y(5). Let k = -19 + p. Calculate the remainder when 50 is divided by k.
16
Suppose 27 = 3*v - 0*v. Let s(f) = f**2 + f + 5. Suppose -4*l = 1 + 15. What is the remainder when s(l) is divided by v?
8
What is the remainder when (-3 + 6 - 4)*-73 is divided by 19?
16
Let y(v) = -v - 3. Let o = 4 - 1. Let a = 11 + o. Calculate the remainder when a is divided by y(-8).
4
Let p = 24 - 22. Suppose -p*a + 58 = -a. What is the remainder when a is divided by 12?
10
Suppose 2*v - 2*x - 10 + 0 = 0, 4*v = x + 23. What is the remainder when 21 is divided by v?
3
Let x = 19 + -15. Suppose -4*i - 46 = -5*l, l + x = -4*i - 6. Calculate the remainder when l is divided by 3.
0
Let x = 53 + -3. Suppose x = 5*j - 3*j. Calculate the remainder when j is divided by 7.
4
What is the remainder when 7*4*7*(-6)/(-168) is divided by 4?
3
Let u be (-16)/(-6) - 2/(-6). Suppose 2 = -u*n + 35. Suppose -11 = 4*d + 4*p - 43, 4*d = 3*p + 4. Calculate the remainder when n is divided by d.
3
Let w be 2/1 + 0 - -4. Let f(l) = 5*l - 8. Let z be f(w). Suppose 2*k - z = -2. What is the remainder when 39 is divided by k?
9
Let t = -63 - -116. Calculate the remainder when t is divided by 28.
25
Suppose d - 25 = 2. Let w(c) = 0 + 1 + 2*c**2 - 5. Calculate the remainder when d is divided by w(3).
13
Let g(f) = f**2 - 3*f + 4. Calculate the remainder when 4 is divided by g(3).
0
Let o = 40 - 28. Suppose -m - m + 4*i + 20 = 0, -4*m = 5*i + o. Suppose 0 = -0*r - r + 1. What is the remainder when m is divided by r?
0
Let i(q) = -q**3 - 7*q**2 - 8*q - 8. Let n be i(-6). Let o(a) = -a**3 + 6*a**2 - 3*a + 2. Calculate the remainder when o(n) is divided by 8.
6
Let v(l) = l. Let s(o) = -3*o - 3. Let p be s(-2). Suppose -2*t = -4*a - 16, -p*a = -2*t - 2*t + 37. Calculate the remainder when t is divided by v(4).
2
Suppose -3*b = c - 17, 3*c + c + 2*b = 68. Let g = -64 - -97. What is the remainder when g is divided by c?
16
Suppose 0 = 2*m + 3*m + 95. Let x = m - -31. What is the remainder when 35 is divided by x?
11
Let i be (-2)/5 + 17/5. Suppose 4*p + i*y = 59 + 6, 2*y - 50 = -3*p. Calculate the remainder when p is divided by 7.
6
Let l(v) = v**3 - 9*v**2 + 12*v - 7. What is the remainder when l(8) is divided by 16?
9
Suppose -k + 5*k - 8 = 0. Suppose -4*i = -3*u + 26 + 62, -2*i + 68 = k*u. What is the remainder when u is divided by 17?
15
Suppose d + 23 = -3*r + 5*r, 5 = 5*d. Suppose -5*b = 5*h - 300, -4*h = -0*h - r. What is the remainder when b is divided by 15?
12
Suppose -2*k - x = 18, 3*k + 3*x + 20 + 4 = 0. Let i = 21 +